{"id":751,"date":"2021-05-02T16:26:40","date_gmt":"2021-05-02T14:26:40","guid":{"rendered":"https:\/\/www.grainsdepossible.fr\/?page_id=751"},"modified":"2026-02-02T14:28:57","modified_gmt":"2026-02-02T13:28:57","slug":"mon-parcours","status":"publish","type":"page","link":"https:\/\/www.grainsdepossible.fr\/index.php\/mon-parcours\/","title":{"rendered":"Mon parcours professionnel"},"content":{"rendered":"<div class=\"wp-block-image is-style-default\">\n<figure class=\"aligncenter size-large\"><img decoding=\"async\" loading=\"lazy\" width=\"1024\" height=\"683\" src=\"https:\/\/www.grainsdepossible.fr\/wp-content\/uploads\/2023\/06\/P1000160-1024x683.jpg\" alt=\"\" class=\"wp-image-1385\" srcset=\"https:\/\/www.grainsdepossible.fr\/wp-content\/uploads\/2023\/06\/P1000160-1024x683.jpg 1024w, https:\/\/www.grainsdepossible.fr\/wp-content\/uploads\/2023\/06\/P1000160-300x200.jpg 300w, https:\/\/www.grainsdepossible.fr\/wp-content\/uploads\/2023\/06\/P1000160-768x512.jpg 768w, https:\/\/www.grainsdepossible.fr\/wp-content\/uploads\/2023\/06\/P1000160-1536x1024.jpg 1536w, https:\/\/www.grainsdepossible.fr\/wp-content\/uploads\/2023\/06\/P1000160-2048x1365.jpg 2048w, https:\/\/www.grainsdepossible.fr\/wp-content\/uploads\/2023\/06\/P1000160-405x270.jpg 405w\" sizes=\"(max-width: 1024px) 100vw, 1024px\" \/><\/figure><\/div>\n\n\n<h3 class=\"wp-block-heading has-text-color\" style=\"color:#2c00a3\">Professeure agr\u00e9g\u00e9e de philosophie<\/h3>\n\n\n\n<p class=\"has-normal-font-size\">Pendant plus de vingt ans, j\u2019ai aim\u00e9 mettre mes comp\u00e9tences au service de la qu\u00eate de sens des jeunes qui m\u2019\u00e9taient confi\u00e9s, particuli\u00e8rement dans des \u00e9tablissements \u00ab&nbsp;sensibles&nbsp;\u00bb de&nbsp;l\u2019\u00c9ducation nationale.&nbsp;<\/p>\n\n\n\n<p class=\"has-normal-font-size\">Ces jeunes m\u2019ont pouss\u00e9e \u00e0 chercher comment transformer notre rencontre, autour des grandes questions de la philosophie, en d\u00e9tours f\u00e9conds. Il s&rsquo;agissait de permettre \u00e0 chacun de mieux se conna\u00eetre, de grandir, et de commencer \u00e0 accoucher de sa propre parole, c\u2019est-\u00e0-dire de soi-m\u00eame.&nbsp;<\/p>\n\n\n\n<h3 class=\"wp-block-heading has-text-color\" style=\"color:#2c00a3\">Pour nourrir ma pratique<\/h3>\n\n\n\n<p class=\"has-normal-font-size\"><strong>J<\/strong>\u2019ai collabor\u00e9 \u00e0 diff\u00e9rents groupes de recherche&nbsp;p\u00e9dagogique, avec une question r\u00e9currente : comment mettre l\u2019\u00e9l\u00e8ve en situation d\u2019exp\u00e9rimenter et de coop\u00e9rer, tout en respectant sa singularit\u00e9 ? Les projets interdisciplinaires n\u00e9s de ces recherches ont \u00e9t\u00e9 g\u00e9n\u00e9rateurs de r\u00e9ussites et de joies scolaires marquantes.<\/p>\n\n\n\n<p class=\"has-normal-font-size\">\u00c0 l&rsquo;\u00e9troit dans le syst\u00e8me scolaire, je fr\u00e9quentais parall\u00e8lement des&nbsp;marges ; philosophiques d\u2019abord, avec des auteurs tels que Kierkegaard ou Ric\u0153ur ; cognitives ensuite, avec la lecture s\u00e9miotique appliqu\u00e9e aux grands textes anthropologiques ; rationnelles enfin, avec la d\u00e9couverte bouleversante de la m\u00e9moire du corps.  <\/p>\n\n\n\n<h3 class=\"wp-block-heading has-text-color\" style=\"color:#2c00a3\">Les outils de la m\u00e9moire cellulaire<\/h3>\n\n\n\n<p class=\"has-normal-font-size\">M&rsquo;int\u00e9resser aux outils de la m\u00e9moire cellulaire a \u00e9t\u00e9 un virage important dans mon parcours. Il s&rsquo;inscrit pourtant dans la continuit\u00e9 de ma formation et de mon exp\u00e9rience : toutes m\u2019ont amen\u00e9e \u00e0 d\u00e9velopper une \u00e9coute attentive et \u00e0 honorer mon go\u00fbt pour la\u00a0<strong>ma\u00efeutique<\/strong>, l\u2019art socratique d\u2019accompagner chacun dans l&rsquo;expression de soi.<\/p>\n\n\n\n<h3 class=\"wp-block-heading has-vivid-purple-color has-text-color has-normal-font-size\">Consultez mes&nbsp;<a href=\"https:\/\/www.grainsdepossible.fr\/index.php\/mes-propositions\/\">propositions<\/a><\/h3>\n","protected":false},"excerpt":{"rendered":"<p>Professeure agr\u00e9g\u00e9e de philosophie Pendant plus de vingt ans, j\u2019ai aim\u00e9 mettre mes comp\u00e9tences au service de la qu\u00eate de sens des jeunes qui m\u2019\u00e9taient confi\u00e9s, particuli\u00e8rement dans des \u00e9tablissements \u00ab&nbsp;sensibles&nbsp;\u00bb de&nbsp;l\u2019\u00c9ducation nationale.&nbsp; Ces jeunes m\u2019ont pouss\u00e9e \u00e0 chercher comment transformer notre rencontre, autour des grandes questions de la philosophie, en d\u00e9tours f\u00e9conds. Il s&rsquo;agissait de permettre \u00e0 chacun de mieux se conna\u00eetre, de grandir, et de commencer \u00e0 accoucher de sa propre parole, c\u2019est-\u00e0-dire de soi-m\u00eame.&nbsp; Pour nourrir ma&#8230;<\/p>\n<p class=\"read-more\"><a class=\"btn btn-default\" href=\"https:\/\/www.grainsdepossible.fr\/index.php\/mon-parcours\/\">Lire la suite<span class=\"screen-reader-text\"> Lire la suite<\/span><\/a><\/p>\n","protected":false},"author":2,"featured_media":0,"parent":0,"menu_order":0,"comment_status":"closed","ping_status":"closed","template":"","meta":[],"yoast_head":"<!-- This site is optimized with the Yoast SEO plugin v18.6 - https:\/\/yoast.com\/wordpress\/plugins\/seo\/ -->\n<title>Mon parcours professionnel - Grains de Possible<\/title>\n<meta name=\"robots\" content=\"index, follow, max-snippet:-1, max-image-preview:large, max-video-preview:-1\" \/>\n<link rel=\"canonical\" href=\"https:\/\/www.grainsdepossible.fr\/index.php\/mon-parcours\/\" \/>\n<meta property=\"og:locale\" content=\"fr_FR\" \/>\n<meta property=\"og:type\" content=\"article\" \/>\n<meta property=\"og:title\" content=\"Mon parcours professionnel - Grains de Possible\" \/>\n<meta property=\"og:description\" content=\"Professeure agr\u00e9g\u00e9e de philosophie Pendant plus de vingt ans, j\u2019ai aim\u00e9 mettre mes comp\u00e9tences au service de la qu\u00eate de sens des jeunes qui m\u2019\u00e9taient confi\u00e9s, particuli\u00e8rement dans des \u00e9tablissements \u00ab&nbsp;sensibles&nbsp;\u00bb de&nbsp;l\u2019\u00c9ducation nationale.&nbsp; Ces jeunes m\u2019ont pouss\u00e9e \u00e0 chercher comment transformer notre rencontre, autour des grandes questions de la philosophie, en d\u00e9tours f\u00e9conds. Il s&rsquo;agissait de permettre \u00e0 chacun de mieux se conna\u00eetre, de grandir, et de commencer \u00e0 accoucher de sa propre parole, c\u2019est-\u00e0-dire de soi-m\u00eame.&nbsp; Pour nourrir ma...Lire la suite Lire la suite\" \/>\n<meta property=\"og:url\" content=\"https:\/\/www.grainsdepossible.fr\/index.php\/mon-parcours\/\" \/>\n<meta property=\"og:site_name\" content=\"Grains de Possible\" \/>\n<meta property=\"article:publisher\" content=\"https:\/\/www.facebook.com\/profile.php?id=100016999153784\" \/>\n<meta property=\"article:modified_time\" content=\"2026-02-02T13:28:57+00:00\" \/>\n<meta property=\"og:image\" content=\"https:\/\/www.grainsdepossible.fr\/wp-content\/uploads\/2023\/06\/P1000160-1024x683.jpg\" \/>\n<meta name=\"twitter:card\" content=\"summary_large_image\" \/>\n<meta name=\"twitter:label1\" content=\"Dur\u00e9e de lecture estim\u00e9e\" \/>\n\t<meta name=\"twitter:data1\" content=\"2 minutes\" \/>\n<script type=\"application\/ld+json\" class=\"yoast-schema-graph\">{\"@context\":\"https:\/\/schema.org\",\"@graph\":[{\"@type\":\"WebSite\",\"@id\":\"https:\/\/www.grainsdepossible.fr\/#website\",\"url\":\"https:\/\/www.grainsdepossible.fr\/\",\"name\":\"Grains de Possible\",\"description\":\"\",\"potentialAction\":[{\"@type\":\"SearchAction\",\"target\":{\"@type\":\"EntryPoint\",\"urlTemplate\":\"https:\/\/www.grainsdepossible.fr\/?s={search_term_string}\"},\"query-input\":\"required name=search_term_string\"}],\"inLanguage\":\"fr-FR\"},{\"@type\":\"ImageObject\",\"@id\":\"https:\/\/www.grainsdepossible.fr\/index.php\/mon-parcours\/#primaryimage\",\"inLanguage\":\"fr-FR\",\"url\":\"https:\/\/www.grainsdepossible.fr\/wp-content\/uploads\/2023\/06\/P1000160-scaled.jpg\",\"contentUrl\":\"https:\/\/www.grainsdepossible.fr\/wp-content\/uploads\/2023\/06\/P1000160-scaled.jpg\",\"width\":2560,\"height\":1707},{\"@type\":\"WebPage\",\"@id\":\"https:\/\/www.grainsdepossible.fr\/index.php\/mon-parcours\/#webpage\",\"url\":\"https:\/\/www.grainsdepossible.fr\/index.php\/mon-parcours\/\",\"name\":\"Mon parcours professionnel - Grains de Possible\",\"isPartOf\":{\"@id\":\"https:\/\/www.grainsdepossible.fr\/#website\"},\"primaryImageOfPage\":{\"@id\":\"https:\/\/www.grainsdepossible.fr\/index.php\/mon-parcours\/#primaryimage\"},\"datePublished\":\"2021-05-02T14:26:40+00:00\",\"dateModified\":\"2026-02-02T13:28:57+00:00\",\"breadcrumb\":{\"@id\":\"https:\/\/www.grainsdepossible.fr\/index.php\/mon-parcours\/#breadcrumb\"},\"inLanguage\":\"fr-FR\",\"potentialAction\":[{\"@type\":\"ReadAction\",\"target\":[\"https:\/\/www.grainsdepossible.fr\/index.php\/mon-parcours\/\"]}]},{\"@type\":\"BreadcrumbList\",\"@id\":\"https:\/\/www.grainsdepossible.fr\/index.php\/mon-parcours\/#breadcrumb\",\"itemListElement\":[{\"@type\":\"ListItem\",\"position\":1,\"name\":\"Home\",\"item\":\"https:\/\/www.grainsdepossible.fr\/\"},{\"@type\":\"ListItem\",\"position\":2,\"name\":\"Mon parcours professionnel\"}]}]}<\/script>\n<!-- \/ Yoast SEO plugin. -->","yoast_head_json":{"title":"Mon parcours professionnel - Grains de Possible","robots":{"index":"index","follow":"follow","max-snippet":"max-snippet:-1","max-image-preview":"max-image-preview:large","max-video-preview":"max-video-preview:-1"},"canonical":"https:\/\/www.grainsdepossible.fr\/index.php\/mon-parcours\/","og_locale":"fr_FR","og_type":"article","og_title":"Mon parcours professionnel - Grains de Possible","og_description":"Professeure agr\u00e9g\u00e9e de philosophie Pendant plus de vingt ans, j\u2019ai aim\u00e9 mettre mes comp\u00e9tences au service de la qu\u00eate de sens des jeunes qui m\u2019\u00e9taient confi\u00e9s, particuli\u00e8rement dans des \u00e9tablissements \u00ab&nbsp;sensibles&nbsp;\u00bb de&nbsp;l\u2019\u00c9ducation nationale.&nbsp; Ces jeunes m\u2019ont pouss\u00e9e \u00e0 chercher comment transformer notre rencontre, autour des grandes questions de la philosophie, en d\u00e9tours f\u00e9conds. Il s&rsquo;agissait de permettre \u00e0 chacun de mieux se conna\u00eetre, de grandir, et de commencer \u00e0 accoucher de sa propre parole, c\u2019est-\u00e0-dire de soi-m\u00eame.&nbsp; Pour nourrir ma...Lire la suite Lire la suite","og_url":"https:\/\/www.grainsdepossible.fr\/index.php\/mon-parcours\/","og_site_name":"Grains de Possible","article_publisher":"https:\/\/www.facebook.com\/profile.php?id=100016999153784","article_modified_time":"2026-02-02T13:28:57+00:00","og_image":[{"url":"https:\/\/www.grainsdepossible.fr\/wp-content\/uploads\/2023\/06\/P1000160-1024x683.jpg"}],"twitter_card":"summary_large_image","twitter_misc":{"Dur\u00e9e de lecture estim\u00e9e":"2 minutes"},"schema":{"@context":"https:\/\/schema.org","@graph":[{"@type":"WebSite","@id":"https:\/\/www.grainsdepossible.fr\/#website","url":"https:\/\/www.grainsdepossible.fr\/","name":"Grains de Possible","description":"","potentialAction":[{"@type":"SearchAction","target":{"@type":"EntryPoint","urlTemplate":"https:\/\/www.grainsdepossible.fr\/?s={search_term_string}"},"query-input":"required name=search_term_string"}],"inLanguage":"fr-FR"},{"@type":"ImageObject","@id":"https:\/\/www.grainsdepossible.fr\/index.php\/mon-parcours\/#primaryimage","inLanguage":"fr-FR","url":"https:\/\/www.grainsdepossible.fr\/wp-content\/uploads\/2023\/06\/P1000160-scaled.jpg","contentUrl":"https:\/\/www.grainsdepossible.fr\/wp-content\/uploads\/2023\/06\/P1000160-scaled.jpg","width":2560,"height":1707},{"@type":"WebPage","@id":"https:\/\/www.grainsdepossible.fr\/index.php\/mon-parcours\/#webpage","url":"https:\/\/www.grainsdepossible.fr\/index.php\/mon-parcours\/","name":"Mon parcours professionnel - Grains de Possible","isPartOf":{"@id":"https:\/\/www.grainsdepossible.fr\/#website"},"primaryImageOfPage":{"@id":"https:\/\/www.grainsdepossible.fr\/index.php\/mon-parcours\/#primaryimage"},"datePublished":"2021-05-02T14:26:40+00:00","dateModified":"2026-02-02T13:28:57+00:00","breadcrumb":{"@id":"https:\/\/www.grainsdepossible.fr\/index.php\/mon-parcours\/#breadcrumb"},"inLanguage":"fr-FR","potentialAction":[{"@type":"ReadAction","target":["https:\/\/www.grainsdepossible.fr\/index.php\/mon-parcours\/"]}]},{"@type":"BreadcrumbList","@id":"https:\/\/www.grainsdepossible.fr\/index.php\/mon-parcours\/#breadcrumb","itemListElement":[{"@type":"ListItem","position":1,"name":"Home","item":"https:\/\/www.grainsdepossible.fr\/"},{"@type":"ListItem","position":2,"name":"Mon parcours professionnel"}]}]}},"_links":{"self":[{"href":"https:\/\/www.grainsdepossible.fr\/index.php\/wp-json\/wp\/v2\/pages\/751"}],"collection":[{"href":"https:\/\/www.grainsdepossible.fr\/index.php\/wp-json\/wp\/v2\/pages"}],"about":[{"href":"https:\/\/www.grainsdepossible.fr\/index.php\/wp-json\/wp\/v2\/types\/page"}],"author":[{"embeddable":true,"href":"https:\/\/www.grainsdepossible.fr\/index.php\/wp-json\/wp\/v2\/users\/2"}],"replies":[{"embeddable":true,"href":"https:\/\/www.grainsdepossible.fr\/index.php\/wp-json\/wp\/v2\/comments?post=751"}],"version-history":[{"count":29,"href":"https:\/\/www.grainsdepossible.fr\/index.php\/wp-json\/wp\/v2\/pages\/751\/revisions"}],"predecessor-version":[{"id":1534,"href":"https:\/\/www.grainsdepossible.fr\/index.php\/wp-json\/wp\/v2\/pages\/751\/revisions\/1534"}],"wp:attachment":[{"href":"https:\/\/www.grainsdepossible.fr\/index.php\/wp-json\/wp\/v2\/media?parent=751"}],"curies":[{"name":"wp","href":"https:\/\/api.w.org\/{rel}","templated":true}]}}

<div class="wp-block-image is-style-default">
<figure class="aligncenter size-large"><img decoding="async" loading="lazy" width="1024" height="683" src="https://www.grainsdepossible.fr/wp-content/uploads/2023/06/P1000160-1024x683.jpg" alt="" class="wp-image-1385" srcset="https://www.grainsdepossible.fr/wp-content/uploads/2023/06/P1000160-1024x683.jpg 1024w, https://www.grainsdepossible.fr/wp-content/uploads/2023/06/P1000160-300x200.jpg 300w, https://www.grainsdepossible.fr/wp-content/uploads/2023/06/P1000160-768x512.jpg 768w, https://www.grainsdepossible.fr/wp-content/uploads/2023/06/P1000160-1536x1024.jpg 1536w, https://www.grainsdepossible.fr/wp-content/uploads/2023/06/P1000160-2048x1365.jpg 2048w, https://www.grainsdepossible.fr/wp-content/uploads/2023/06/P1000160-405x270.jpg 405w" sizes="(max-width: 1024px) 100vw, 1024px" /></figure></div>


<h3 class="wp-block-heading has-text-color" style="color:#2c00a3">Professeure agrégée de philosophie</h3>



<p class="has-normal-font-size">Pendant plus de vingt ans, j’ai aimé mettre mes compétences au service de la quête de sens des jeunes qui m’étaient confiés, particulièrement dans des établissements «&nbsp;sensibles&nbsp;» de&nbsp;l’Éducation nationale.&nbsp;</p>



<p class="has-normal-font-size">Ces jeunes m’ont poussée à chercher comment transformer notre rencontre, autour des grandes questions de la philosophie, en détours féconds. Il s&rsquo;agissait de permettre à chacun de mieux se connaître, de grandir, et de commencer à accoucher de sa propre parole, c’est-à-dire de soi-même.&nbsp;</p>



<h3 class="wp-block-heading has-text-color" style="color:#2c00a3">Pour nourrir ma pratique</h3>



<p class="has-normal-font-size"><strong>J</strong>’ai collaboré à différents groupes de recherche&nbsp;pédagogique, avec une question récurrente : comment mettre l’élève en situation d’expérimenter et de coopérer, tout en respectant sa singularité ? Les projets interdisciplinaires nés de ces recherches ont été générateurs de réussites et de joies scolaires marquantes.</p>



<p class="has-normal-font-size">À l&rsquo;étroit dans le système scolaire, je fréquentais parallèlement des&nbsp;marges ; philosophiques d’abord, avec des auteurs tels que Kierkegaard ou Ricœur ; cognitives ensuite, avec la lecture sémiotique appliquée aux grands textes anthropologiques ; rationnelles enfin, avec la découverte bouleversante de la mémoire du corps.  </p>



<h3 class="wp-block-heading has-text-color" style="color:#2c00a3">Les outils de la mémoire cellulaire</h3>



<p class="has-normal-font-size">M&rsquo;intéresser aux outils de la mémoire cellulaire a été un virage important dans mon parcours. Il s&rsquo;inscrit pourtant dans la continuité de ma formation et de mon expérience : toutes m’ont amenée à développer une écoute attentive et à honorer mon goût pour la <strong>maïeutique</strong>, l’art socratique d’accompagner chacun dans l&rsquo;expression de soi.</p>



<h3 class="wp-block-heading has-vivid-purple-color has-text-color has-normal-font-size">Consultez mes&nbsp;<a href="https://www.grainsdepossible.fr/index.php/mes-propositions/">propositions</a></h3>

<p>Professeure agrégée de philosophie Pendant plus de vingt ans, j’ai aimé mettre mes compétences au service de la quête de sens des jeunes qui m’étaient confiés, particulièrement dans des établissements «&nbsp;sensibles&nbsp;» de&nbsp;l’Éducation nationale.&nbsp; Ces jeunes m’ont poussée à chercher comment transformer notre rencontre, autour des grandes questions de la philosophie, en détours féconds. Il s&rsquo;agissait de permettre à chacun de mieux se connaître, de grandir, et de commencer à accoucher de sa propre parole, c’est-à-dire de soi-même.&nbsp; Pour nourrir ma&#8230;</p>
<p class="read-more"><a class="btn btn-default" href="https://www.grainsdepossible.fr/index.php/mon-parcours/">Lire la suite<span class="screen-reader-text"> Lire la suite</span></a></p>

<!-- This site is optimized with the Yoast SEO plugin v18.6 - https://yoast.com/wordpress/plugins/seo/ -->
<title>Mon parcours professionnel - Grains de Possible</title>
<meta name="robots" content="index, follow, max-snippet:-1, max-image-preview:large, max-video-preview:-1" />
<link rel="canonical" href="https://www.grainsdepossible.fr/index.php/mon-parcours/" />
<meta property="og:locale" content="fr_FR" />
<meta property="og:type" content="article" />
<meta property="og:title" content="Mon parcours professionnel - Grains de Possible" />
<meta property="og:description" content="Professeure agrégée de philosophie Pendant plus de vingt ans, j’ai aimé mettre mes compétences au service de la quête de sens des jeunes qui m’étaient confiés, particulièrement dans des établissements «&nbsp;sensibles&nbsp;» de&nbsp;l’Éducation nationale.&nbsp; Ces jeunes m’ont poussée à chercher comment transformer notre rencontre, autour des grandes questions de la philosophie, en détours féconds. Il s&rsquo;agissait de permettre à chacun de mieux se connaître, de grandir, et de commencer à accoucher de sa propre parole, c’est-à-dire de soi-même.&nbsp; Pour nourrir ma...Lire la suite Lire la suite" />
<meta property="og:url" content="https://www.grainsdepossible.fr/index.php/mon-parcours/" />
<meta property="og:site_name" content="Grains de Possible" />
<meta property="article:publisher" content="https://www.facebook.com/profile.php?id=100016999153784" />
<meta property="article:modified_time" content="2026-02-02T13:28:57+00:00" />
<meta property="og:image" content="https://www.grainsdepossible.fr/wp-content/uploads/2023/06/P1000160-1024x683.jpg" />
<meta name="twitter:card" content="summary_large_image" />
<meta name="twitter:label1" content="Durée de lecture estimée" />
	<meta name="twitter:data1" content="2 minutes" />
<script type="application/ld+json" class="yoast-schema-graph">{"@context":"https://schema.org","@graph":[{"@type":"WebSite","@id":"https://www.grainsdepossible.fr/#website","url":"https://www.grainsdepossible.fr/","name":"Grains de Possible","description":"","potentialAction":[{"@type":"SearchAction","target":{"@type":"EntryPoint","urlTemplate":"https://www.grainsdepossible.fr/?s={search_term_string}"},"query-input":"required name=search_term_string"}],"inLanguage":"fr-FR"},{"@type":"ImageObject","@id":"https://www.grainsdepossible.fr/index.php/mon-parcours/#primaryimage","inLanguage":"fr-FR","url":"https://www.grainsdepossible.fr/wp-content/uploads/2023/06/P1000160-scaled.jpg","contentUrl":"https://www.grainsdepossible.fr/wp-content/uploads/2023/06/P1000160-scaled.jpg","width":2560,"height":1707},{"@type":"WebPage","@id":"https://www.grainsdepossible.fr/index.php/mon-parcours/#webpage","url":"https://www.grainsdepossible.fr/index.php/mon-parcours/","name":"Mon parcours professionnel - Grains de Possible","isPartOf":{"@id":"https://www.grainsdepossible.fr/#website"},"primaryImageOfPage":{"@id":"https://www.grainsdepossible.fr/index.php/mon-parcours/#primaryimage"},"datePublished":"2021-05-02T14:26:40+00:00","dateModified":"2026-02-02T13:28:57+00:00","breadcrumb":{"@id":"https://www.grainsdepossible.fr/index.php/mon-parcours/#breadcrumb"},"inLanguage":"fr-FR","potentialAction":[{"@type":"ReadAction","target":["https://www.grainsdepossible.fr/index.php/mon-parcours/"]}]},{"@type":"BreadcrumbList","@id":"https://www.grainsdepossible.fr/index.php/mon-parcours/#breadcrumb","itemListElement":[{"@type":"ListItem","position":1,"name":"Home","item":"https://www.grainsdepossible.fr/"},{"@type":"ListItem","position":2,"name":"Mon parcours professionnel"}]}]}</script>
<!-- / Yoast SEO plugin. -->

Professeure agrégée de philosophie Pendant plus de vingt ans, j’ai aimé mettre mes compétences au service de la quête de sens des jeunes qui m’étaient confiés, particulièrement dans des établissements «&nbsp;sensibles&nbsp;» de&nbsp;l’Éducation nationale.&nbsp; Ces jeunes m’ont poussée à chercher comment transformer notre rencontre, autour des grandes questions de la philosophie, en détours féconds. Il s&rsquo;agissait de permettre à chacun de mieux se connaître, de grandir, et de commencer à accoucher de sa propre parole, c’est-à-dire de soi-même.&nbsp; Pour nourrir ma...Lire la suite Lire la suite
