{"id":94,"date":"2020-05-08T16:59:00","date_gmt":"2020-05-08T14:59:00","guid":{"rendered":"http:\/\/www.lesyon.fr\/site2\/?page_id=94"},"modified":"2026-02-02T14:23:41","modified_gmt":"2026-02-02T13:23:41","slug":"seance-enfants","status":"publish","type":"page","link":"https:\/\/www.grainsdepossible.fr\/index.php\/seance-enfants\/","title":{"rendered":"S\u00e9ances adolescents"},"content":{"rendered":"<div class=\"wp-block-image is-style-rounded\">\n<figure class=\"aligncenter size-large\"><img decoding=\"async\" loading=\"lazy\" width=\"1024\" height=\"683\" src=\"https:\/\/www.grainsdepossible.fr\/wp-content\/uploads\/2023\/06\/P1000173-1-1024x683.jpg\" alt=\"\" class=\"wp-image-1383\" srcset=\"https:\/\/www.grainsdepossible.fr\/wp-content\/uploads\/2023\/06\/P1000173-1-1024x683.jpg 1024w, https:\/\/www.grainsdepossible.fr\/wp-content\/uploads\/2023\/06\/P1000173-1-300x200.jpg 300w, https:\/\/www.grainsdepossible.fr\/wp-content\/uploads\/2023\/06\/P1000173-1-768x512.jpg 768w, https:\/\/www.grainsdepossible.fr\/wp-content\/uploads\/2023\/06\/P1000173-1-1536x1024.jpg 1536w, https:\/\/www.grainsdepossible.fr\/wp-content\/uploads\/2023\/06\/P1000173-1-2048x1365.jpg 2048w, https:\/\/www.grainsdepossible.fr\/wp-content\/uploads\/2023\/06\/P1000173-1-405x270.jpg 405w\" sizes=\"(max-width: 1024px) 100vw, 1024px\" \/><\/figure><\/div>\n\n\n<p class=\"has-medium-font-size\">Les s\u00e9ances destin\u00e9es aux adolescents offrent un&nbsp;espace d\u2019\u00e9coute et d\u2019explorat<strong>ion<\/strong>, permettant \u00e0 chacun de se sentir entendu et compris. Elles visent \u00e0 observer les interactions et la dynamique familiale, dans le respect du rythme et des besoins de tous les membres.<\/p>\n\n\n\n<p class=\"has-medium-font-size\">\u00c0 mesure que l\u2019adolescent grandit, certaines situations peuvent mettre la famille \u00e0 l\u2019\u00e9preuve et susciter des \u00e9motions complexes pour chacun. Ces s\u00e9ances proposent un&nbsp;temps de dialogue et de r\u00e9flex<strong>ion<\/strong>&nbsp;pour explorer ces moments et mieux comprendre ce qui se joue au sein de la famille.<\/p>\n\n\n\n<p class=\"has-medium-font-size\">Les s\u00e9ances durent environ\u00a0<strong>1 heure<\/strong>\u00a0et sont adapt\u00e9es \u00e0 l\u2019\u00e2ge et \u00e0 la situation de l\u2019adolescent.<\/p>\n\n\n\n<h2 class=\"wp-block-heading has-vivid-cyan-blue-color has-text-color\">\u00c0 partir de 16 ans<\/h2>\n\n\n\n<p class=\"has-medium-font-size\">M\u00eame si ce sont souvent les parents qui prennent le premier rendez-vous, le jeune y participe&nbsp;seul d\u00e8s la premi\u00e8re s\u00e9ance.<br>\u00c0 sa demande, les parents peuvent \u00eatre invit\u00e9s pour certaines questions sp\u00e9cifiques.<\/p>\n\n\n\n<p class=\"has-text-align-center has-vivid-cyan-blue-color has-text-color\">Isabelle Yon \u2013&nbsp;<strong>Praticienne en m\u00e9moire cellulaire et formatrice<\/strong>&nbsp;\u2013 Lille<\/p>\n","protected":false},"excerpt":{"rendered":"<p>Les s\u00e9ances destin\u00e9es aux adolescents offrent un&nbsp;espace d\u2019\u00e9coute et d\u2019exploration, permettant \u00e0 chacun de se sentir entendu et compris. Elles visent \u00e0 observer les interactions et la dynamique familiale, dans le respect du rythme et des besoins de tous les membres. \u00c0 mesure que l\u2019adolescent grandit, certaines situations peuvent mettre la famille \u00e0 l\u2019\u00e9preuve et susciter des \u00e9motions complexes pour chacun. Ces s\u00e9ances proposent un&nbsp;temps de dialogue et de r\u00e9flexion&nbsp;pour explorer ces moments et mieux comprendre ce qui se joue&#8230;<\/p>\n<p class=\"read-more\"><a class=\"btn btn-default\" href=\"https:\/\/www.grainsdepossible.fr\/index.php\/seance-enfants\/\">Lire la suite<span class=\"screen-reader-text\"> Lire la suite<\/span><\/a><\/p>\n","protected":false},"author":1,"featured_media":0,"parent":0,"menu_order":0,"comment_status":"closed","ping_status":"closed","template":"","meta":[],"yoast_head":"<!-- This site is optimized with the Yoast SEO plugin v18.6 - https:\/\/yoast.com\/wordpress\/plugins\/seo\/ -->\n<title>S\u00e9ances adolescents - Grains de Possible<\/title>\n<meta name=\"robots\" content=\"index, follow, max-snippet:-1, max-image-preview:large, max-video-preview:-1\" \/>\n<link rel=\"canonical\" href=\"https:\/\/www.grainsdepossible.fr\/index.php\/seance-enfants\/\" \/>\n<meta property=\"og:locale\" content=\"fr_FR\" \/>\n<meta property=\"og:type\" content=\"article\" \/>\n<meta property=\"og:title\" content=\"S\u00e9ances adolescents - Grains de Possible\" \/>\n<meta property=\"og:description\" content=\"Les s\u00e9ances destin\u00e9es aux adolescents offrent un&nbsp;espace d\u2019\u00e9coute et d\u2019exploration, permettant \u00e0 chacun de se sentir entendu et compris. Elles visent \u00e0 observer les interactions et la dynamique familiale, dans le respect du rythme et des besoins de tous les membres. \u00c0 mesure que l\u2019adolescent grandit, certaines situations peuvent mettre la famille \u00e0 l\u2019\u00e9preuve et susciter des \u00e9motions complexes pour chacun. Ces s\u00e9ances proposent un&nbsp;temps de dialogue et de r\u00e9flexion&nbsp;pour explorer ces moments et mieux comprendre ce qui se joue...Lire la suite Lire la suite\" \/>\n<meta property=\"og:url\" content=\"https:\/\/www.grainsdepossible.fr\/index.php\/seance-enfants\/\" \/>\n<meta property=\"og:site_name\" content=\"Grains de Possible\" \/>\n<meta property=\"article:publisher\" content=\"https:\/\/www.facebook.com\/profile.php?id=100016999153784\" \/>\n<meta property=\"article:modified_time\" content=\"2026-02-02T13:23:41+00:00\" \/>\n<meta property=\"og:image\" content=\"https:\/\/www.grainsdepossible.fr\/wp-content\/uploads\/2023\/06\/P1000173-1-1024x683.jpg\" \/>\n<meta name=\"twitter:card\" content=\"summary_large_image\" \/>\n<meta name=\"twitter:label1\" content=\"Dur\u00e9e de lecture estim\u00e9e\" \/>\n\t<meta name=\"twitter:data1\" content=\"1 minute\" \/>\n<script type=\"application\/ld+json\" class=\"yoast-schema-graph\">{\"@context\":\"https:\/\/schema.org\",\"@graph\":[{\"@type\":\"WebSite\",\"@id\":\"https:\/\/www.grainsdepossible.fr\/#website\",\"url\":\"https:\/\/www.grainsdepossible.fr\/\",\"name\":\"Grains de Possible\",\"description\":\"\",\"potentialAction\":[{\"@type\":\"SearchAction\",\"target\":{\"@type\":\"EntryPoint\",\"urlTemplate\":\"https:\/\/www.grainsdepossible.fr\/?s={search_term_string}\"},\"query-input\":\"required name=search_term_string\"}],\"inLanguage\":\"fr-FR\"},{\"@type\":\"ImageObject\",\"@id\":\"https:\/\/www.grainsdepossible.fr\/index.php\/seance-enfants\/#primaryimage\",\"inLanguage\":\"fr-FR\",\"url\":\"https:\/\/www.grainsdepossible.fr\/wp-content\/uploads\/2023\/06\/P1000173-1-scaled.jpg\",\"contentUrl\":\"https:\/\/www.grainsdepossible.fr\/wp-content\/uploads\/2023\/06\/P1000173-1-scaled.jpg\",\"width\":2560,\"height\":1707},{\"@type\":\"WebPage\",\"@id\":\"https:\/\/www.grainsdepossible.fr\/index.php\/seance-enfants\/#webpage\",\"url\":\"https:\/\/www.grainsdepossible.fr\/index.php\/seance-enfants\/\",\"name\":\"S\u00e9ances adolescents - Grains de Possible\",\"isPartOf\":{\"@id\":\"https:\/\/www.grainsdepossible.fr\/#website\"},\"primaryImageOfPage\":{\"@id\":\"https:\/\/www.grainsdepossible.fr\/index.php\/seance-enfants\/#primaryimage\"},\"datePublished\":\"2020-05-08T14:59:00+00:00\",\"dateModified\":\"2026-02-02T13:23:41+00:00\",\"breadcrumb\":{\"@id\":\"https:\/\/www.grainsdepossible.fr\/index.php\/seance-enfants\/#breadcrumb\"},\"inLanguage\":\"fr-FR\",\"potentialAction\":[{\"@type\":\"ReadAction\",\"target\":[\"https:\/\/www.grainsdepossible.fr\/index.php\/seance-enfants\/\"]}]},{\"@type\":\"BreadcrumbList\",\"@id\":\"https:\/\/www.grainsdepossible.fr\/index.php\/seance-enfants\/#breadcrumb\",\"itemListElement\":[{\"@type\":\"ListItem\",\"position\":1,\"name\":\"Home\",\"item\":\"https:\/\/www.grainsdepossible.fr\/\"},{\"@type\":\"ListItem\",\"position\":2,\"name\":\"S\u00e9ances adolescents\"}]}]}<\/script>\n<!-- \/ Yoast SEO plugin. -->","yoast_head_json":{"title":"S\u00e9ances adolescents - Grains de Possible","robots":{"index":"index","follow":"follow","max-snippet":"max-snippet:-1","max-image-preview":"max-image-preview:large","max-video-preview":"max-video-preview:-1"},"canonical":"https:\/\/www.grainsdepossible.fr\/index.php\/seance-enfants\/","og_locale":"fr_FR","og_type":"article","og_title":"S\u00e9ances adolescents - Grains de Possible","og_description":"Les s\u00e9ances destin\u00e9es aux adolescents offrent un&nbsp;espace d\u2019\u00e9coute et d\u2019exploration, permettant \u00e0 chacun de se sentir entendu et compris. Elles visent \u00e0 observer les interactions et la dynamique familiale, dans le respect du rythme et des besoins de tous les membres. \u00c0 mesure que l\u2019adolescent grandit, certaines situations peuvent mettre la famille \u00e0 l\u2019\u00e9preuve et susciter des \u00e9motions complexes pour chacun. Ces s\u00e9ances proposent un&nbsp;temps de dialogue et de r\u00e9flexion&nbsp;pour explorer ces moments et mieux comprendre ce qui se joue...Lire la suite Lire la suite","og_url":"https:\/\/www.grainsdepossible.fr\/index.php\/seance-enfants\/","og_site_name":"Grains de Possible","article_publisher":"https:\/\/www.facebook.com\/profile.php?id=100016999153784","article_modified_time":"2026-02-02T13:23:41+00:00","og_image":[{"url":"https:\/\/www.grainsdepossible.fr\/wp-content\/uploads\/2023\/06\/P1000173-1-1024x683.jpg"}],"twitter_card":"summary_large_image","twitter_misc":{"Dur\u00e9e de lecture estim\u00e9e":"1 minute"},"schema":{"@context":"https:\/\/schema.org","@graph":[{"@type":"WebSite","@id":"https:\/\/www.grainsdepossible.fr\/#website","url":"https:\/\/www.grainsdepossible.fr\/","name":"Grains de Possible","description":"","potentialAction":[{"@type":"SearchAction","target":{"@type":"EntryPoint","urlTemplate":"https:\/\/www.grainsdepossible.fr\/?s={search_term_string}"},"query-input":"required name=search_term_string"}],"inLanguage":"fr-FR"},{"@type":"ImageObject","@id":"https:\/\/www.grainsdepossible.fr\/index.php\/seance-enfants\/#primaryimage","inLanguage":"fr-FR","url":"https:\/\/www.grainsdepossible.fr\/wp-content\/uploads\/2023\/06\/P1000173-1-scaled.jpg","contentUrl":"https:\/\/www.grainsdepossible.fr\/wp-content\/uploads\/2023\/06\/P1000173-1-scaled.jpg","width":2560,"height":1707},{"@type":"WebPage","@id":"https:\/\/www.grainsdepossible.fr\/index.php\/seance-enfants\/#webpage","url":"https:\/\/www.grainsdepossible.fr\/index.php\/seance-enfants\/","name":"S\u00e9ances adolescents - Grains de Possible","isPartOf":{"@id":"https:\/\/www.grainsdepossible.fr\/#website"},"primaryImageOfPage":{"@id":"https:\/\/www.grainsdepossible.fr\/index.php\/seance-enfants\/#primaryimage"},"datePublished":"2020-05-08T14:59:00+00:00","dateModified":"2026-02-02T13:23:41+00:00","breadcrumb":{"@id":"https:\/\/www.grainsdepossible.fr\/index.php\/seance-enfants\/#breadcrumb"},"inLanguage":"fr-FR","potentialAction":[{"@type":"ReadAction","target":["https:\/\/www.grainsdepossible.fr\/index.php\/seance-enfants\/"]}]},{"@type":"BreadcrumbList","@id":"https:\/\/www.grainsdepossible.fr\/index.php\/seance-enfants\/#breadcrumb","itemListElement":[{"@type":"ListItem","position":1,"name":"Home","item":"https:\/\/www.grainsdepossible.fr\/"},{"@type":"ListItem","position":2,"name":"S\u00e9ances adolescents"}]}]}},"_links":{"self":[{"href":"https:\/\/www.grainsdepossible.fr\/index.php\/wp-json\/wp\/v2\/pages\/94"}],"collection":[{"href":"https:\/\/www.grainsdepossible.fr\/index.php\/wp-json\/wp\/v2\/pages"}],"about":[{"href":"https:\/\/www.grainsdepossible.fr\/index.php\/wp-json\/wp\/v2\/types\/page"}],"author":[{"embeddable":true,"href":"https:\/\/www.grainsdepossible.fr\/index.php\/wp-json\/wp\/v2\/users\/1"}],"replies":[{"embeddable":true,"href":"https:\/\/www.grainsdepossible.fr\/index.php\/wp-json\/wp\/v2\/comments?post=94"}],"version-history":[{"count":26,"href":"https:\/\/www.grainsdepossible.fr\/index.php\/wp-json\/wp\/v2\/pages\/94\/revisions"}],"predecessor-version":[{"id":1532,"href":"https:\/\/www.grainsdepossible.fr\/index.php\/wp-json\/wp\/v2\/pages\/94\/revisions\/1532"}],"wp:attachment":[{"href":"https:\/\/www.grainsdepossible.fr\/index.php\/wp-json\/wp\/v2\/media?parent=94"}],"curies":[{"name":"wp","href":"https:\/\/api.w.org\/{rel}","templated":true}]}}

Séances adolescents

<div class="wp-block-image is-style-rounded">
<figure class="aligncenter size-large"><img decoding="async" loading="lazy" width="1024" height="683" src="https://www.grainsdepossible.fr/wp-content/uploads/2023/06/P1000173-1-1024x683.jpg" alt="" class="wp-image-1383" srcset="https://www.grainsdepossible.fr/wp-content/uploads/2023/06/P1000173-1-1024x683.jpg 1024w, https://www.grainsdepossible.fr/wp-content/uploads/2023/06/P1000173-1-300x200.jpg 300w, https://www.grainsdepossible.fr/wp-content/uploads/2023/06/P1000173-1-768x512.jpg 768w, https://www.grainsdepossible.fr/wp-content/uploads/2023/06/P1000173-1-1536x1024.jpg 1536w, https://www.grainsdepossible.fr/wp-content/uploads/2023/06/P1000173-1-2048x1365.jpg 2048w, https://www.grainsdepossible.fr/wp-content/uploads/2023/06/P1000173-1-405x270.jpg 405w" sizes="(max-width: 1024px) 100vw, 1024px" /></figure></div>


<p class="has-medium-font-size">Les séances destinées aux adolescents offrent un&nbsp;espace d’écoute et d’explorat<strong>ion</strong>, permettant à chacun de se sentir entendu et compris. Elles visent à observer les interactions et la dynamique familiale, dans le respect du rythme et des besoins de tous les membres.</p>



<p class="has-medium-font-size">À mesure que l’adolescent grandit, certaines situations peuvent mettre la famille à l’épreuve et susciter des émotions complexes pour chacun. Ces séances proposent un&nbsp;temps de dialogue et de réflex<strong>ion</strong>&nbsp;pour explorer ces moments et mieux comprendre ce qui se joue au sein de la famille.</p>



<p class="has-medium-font-size">Les séances durent environ <strong>1 heure</strong> et sont adaptées à l’âge et à la situation de l’adolescent.</p>



<h2 class="wp-block-heading has-vivid-cyan-blue-color has-text-color">À partir de 16 ans</h2>



<p class="has-medium-font-size">Même si ce sont souvent les parents qui prennent le premier rendez-vous, le jeune y participe&nbsp;seul dès la première séance.<br>À sa demande, les parents peuvent être invités pour certaines questions spécifiques.</p>



<p class="has-text-align-center has-vivid-cyan-blue-color has-text-color">Isabelle Yon –&nbsp;<strong>Praticienne en mémoire cellulaire et formatrice</strong>&nbsp;– Lille</p>

<p>Les séances destinées aux adolescents offrent un&nbsp;espace d’écoute et d’exploration, permettant à chacun de se sentir entendu et compris. Elles visent à observer les interactions et la dynamique familiale, dans le respect du rythme et des besoins de tous les membres. À mesure que l’adolescent grandit, certaines situations peuvent mettre la famille à l’épreuve et susciter des émotions complexes pour chacun. Ces séances proposent un&nbsp;temps de dialogue et de réflexion&nbsp;pour explorer ces moments et mieux comprendre ce qui se joue&#8230;</p>
<p class="read-more"><a class="btn btn-default" href="https://www.grainsdepossible.fr/index.php/seance-enfants/">Lire la suite<span class="screen-reader-text"> Lire la suite</span></a></p>

<!-- This site is optimized with the Yoast SEO plugin v18.6 - https://yoast.com/wordpress/plugins/seo/ -->
<title>Séances adolescents - Grains de Possible</title>
<meta name="robots" content="index, follow, max-snippet:-1, max-image-preview:large, max-video-preview:-1" />
<link rel="canonical" href="https://www.grainsdepossible.fr/index.php/seance-enfants/" />
<meta property="og:locale" content="fr_FR" />
<meta property="og:type" content="article" />
<meta property="og:title" content="Séances adolescents - Grains de Possible" />
<meta property="og:description" content="Les séances destinées aux adolescents offrent un&nbsp;espace d’écoute et d’exploration, permettant à chacun de se sentir entendu et compris. Elles visent à observer les interactions et la dynamique familiale, dans le respect du rythme et des besoins de tous les membres. À mesure que l’adolescent grandit, certaines situations peuvent mettre la famille à l’épreuve et susciter des émotions complexes pour chacun. Ces séances proposent un&nbsp;temps de dialogue et de réflexion&nbsp;pour explorer ces moments et mieux comprendre ce qui se joue...Lire la suite Lire la suite" />
<meta property="og:url" content="https://www.grainsdepossible.fr/index.php/seance-enfants/" />
<meta property="og:site_name" content="Grains de Possible" />
<meta property="article:publisher" content="https://www.facebook.com/profile.php?id=100016999153784" />
<meta property="article:modified_time" content="2026-02-02T13:23:41+00:00" />
<meta property="og:image" content="https://www.grainsdepossible.fr/wp-content/uploads/2023/06/P1000173-1-1024x683.jpg" />
<meta name="twitter:card" content="summary_large_image" />
<meta name="twitter:label1" content="Durée de lecture estimée" />
	<meta name="twitter:data1" content="1 minute" />
<script type="application/ld+json" class="yoast-schema-graph">{"@context":"https://schema.org","@graph":[{"@type":"WebSite","@id":"https://www.grainsdepossible.fr/#website","url":"https://www.grainsdepossible.fr/","name":"Grains de Possible","description":"","potentialAction":[{"@type":"SearchAction","target":{"@type":"EntryPoint","urlTemplate":"https://www.grainsdepossible.fr/?s={search_term_string}"},"query-input":"required name=search_term_string"}],"inLanguage":"fr-FR"},{"@type":"ImageObject","@id":"https://www.grainsdepossible.fr/index.php/seance-enfants/#primaryimage","inLanguage":"fr-FR","url":"https://www.grainsdepossible.fr/wp-content/uploads/2023/06/P1000173-1-scaled.jpg","contentUrl":"https://www.grainsdepossible.fr/wp-content/uploads/2023/06/P1000173-1-scaled.jpg","width":2560,"height":1707},{"@type":"WebPage","@id":"https://www.grainsdepossible.fr/index.php/seance-enfants/#webpage","url":"https://www.grainsdepossible.fr/index.php/seance-enfants/","name":"Séances adolescents - Grains de Possible","isPartOf":{"@id":"https://www.grainsdepossible.fr/#website"},"primaryImageOfPage":{"@id":"https://www.grainsdepossible.fr/index.php/seance-enfants/#primaryimage"},"datePublished":"2020-05-08T14:59:00+00:00","dateModified":"2026-02-02T13:23:41+00:00","breadcrumb":{"@id":"https://www.grainsdepossible.fr/index.php/seance-enfants/#breadcrumb"},"inLanguage":"fr-FR","potentialAction":[{"@type":"ReadAction","target":["https://www.grainsdepossible.fr/index.php/seance-enfants/"]}]},{"@type":"BreadcrumbList","@id":"https://www.grainsdepossible.fr/index.php/seance-enfants/#breadcrumb","itemListElement":[{"@type":"ListItem","position":1,"name":"Home","item":"https://www.grainsdepossible.fr/"},{"@type":"ListItem","position":2,"name":"Séances adolescents"}]}]}</script>
<!-- / Yoast SEO plugin. -->

Séances adolescents - Grains de Possible

Les séances destinées aux adolescents offrent un&nbsp;espace d’écoute et d’exploration, permettant à chacun de se sentir entendu et compris. Elles visent à observer les interactions et la dynamique familiale, dans le respect du rythme et des besoins de tous les membres. À mesure que l’adolescent grandit, certaines situations peuvent mettre la famille à l’épreuve et susciter des émotions complexes pour chacun. Ces séances proposent un&nbsp;temps de dialogue et de réflexion&nbsp;pour explorer ces moments et mieux comprendre ce qui se joue...Lire la suite Lire la suite
